s divided by 37.
13
What is the remainder when 1709 is divided by 59?
57
What is the remainder when 16903 is divided by 115?
113
What is the remainder when 1102 is divided by 339?
85
What is the remainder when 496 is divided by 78?
28
What is the remainder when 1432 is divided by 242?
222
Calculate the remainder when 954 is divided by 36.
18
What is the remainder when 211 is divided by 56?
43
What is the remainder when 190 is divided by 50?
40
What is the remainder when 2234 is divided by 316?
22
Calculate the remainder when 166 is divided by 34.
30
Calculate the remainder when 281 is divided by 6.
5
What is the remainder when 198 is divided by 40?
38
What is the remainder when 1175 is divided by 11?
9
Calculate the remainder when 57 is divided by 20.
17
Calculate the remainder when 232 is divided by 110.
12
What is the remainder when 38 is divided by 23?
15
Calculate the remainder when 1382 is divided by 345.
2
Calculate the remainder when 15 is divided by 9.
6
What is the remainder when 106 is divided by 3?
1
What is the remainder when 679 is divided by 669?
10
Calculate the remainder when 40 is divided by 30.
10
Calculate the remainder when 989 is divided by 53.
35
Calculate the remainder when 950 is divided by 53.
49
What is the remainder when 1825 is divided by 31?
27
What is the remainder when 5167 is divided by 235?
232
What is the remainder when 584 is divided by 12?
8
Calculate the remainder when 148 is divided by 11.
5
Calculate the remainder when 2780 is divided by 87.
83
Calculate the remainder when 227 is divided by 8.
3
What is the remainder when 610 is divided by 51?
49
What is the remainder when 2883 is divided by 7?
6
Calculate the remainder when 6486 is divided by 151.
144
Calculate the remainder when 964 is divided by 54.
46
Calculate the remainder when 4179 is divided by 76.
75
Calculate the remainder when 202 is divided by 183.
19
Calculate the remainder when 1629 is divided by 265.
39
Calculate the remainder when 201 is divided by 102.
99
What is the remainder when 344 is divided by 81?
20
What is the remainder when 302 is divided by 18?
14
Calculate the remainder when 17 is divided by 9.
8
Calculate the remainder when 757 is divided by 95.
92
Calculate the remainder when 183 is divided by 8.
7
Calculate the remainder when 93 is divided by 92.
1
What is the remainder when 33 is divided by 7?
5
What is the remainder when 701 is divided by 11?
8
What is the remainder when 232 is divided by 8?
0
What is the remainder when 1833 is divided by 911?
11
What is the remainder when 107 is divided by 54?
53
What is the remainder when 295 is divided by 106?
83
What is the remainder when 267 is divided by 70?
57
What is the remainder when 192 is divided by 39?
36
Calculate the remainder when 185 is divided by 37.
0
What is the remainder when 83 is divided by 13?
5
Calculate the remainder when 724 is divided by 13.
9
What is the remainder when 836 is divided by 12?
8
What is the remainder when 537 is divided by 60?
57
Calculate the remainder when 223 is divided by 75.
73
What is the remainder when 10265 is divided by 58?
57
Calculate the remainder when 252 is divided by 30.
12
Calculate the remainder when 43 is divided by 20.
3
What is the remainder when 434 is divided by 29?
28
What is the remainder when 871 is divided by 23?
20
Calculate the remainder when 3773 is divided by 22.
11
What is the remainder when 1506 is divided by 130?
76
Calculate the remainder when 302 is divided by 19.
17
Calculate the remainder when 8099 is divided by 81.
80
Calculate the remainder when 448 is divided by 149.
1
Calculate the remainder when 60 is divided by 15.
0
What is the remainder when 248 is divided by 138?
110
Calculate the remainder when 1010 is divided by 23.
21
Calculate the remainder when 200 is divided by 18.
2
Calculate the remainder when 794 is divided by 199.
197
Calculate the remainder when 1509 is divided by 22.
13
What is the remainder when 18609 is divided by 198?
195
Calculate the remainder when 289 is divided by 25.
14
Calculate the remainder when 1289 is divided by 15.
14
What is the remainder when 2264 is divided by 750?
14
What is the remainder when 214 is divided by 18?
16
Calculate the remainder when 320 is divided by 57.
35
What is the remainder when 399 is divided by 45?
39
What is the remainder when 1645 is divided by 9?
7
Calculate the remainder when 29 is divided by 8.
5
Calculate the remainder when 212 is divided by 153.
59
What is the remainder when 63 is divided by 27?
9
What is the remainder when 640 is divided by 126?
10
What is the remainder when 100 is divided by 57?
43
What is the remainder when 1124 is divided by 9?
8
Calculate the remainder when 569 is divided by 196.
177
Calculate the remainder when 10959 is divided by 8.
7
Calculate the remainder when 1366 is divided by 49.
43
Calculate the remainder when 15679 is divided by 160.
159
What is the remainder when 1832 is divided by 18?
14
What is the remainder when 762 is divided by 212?
126
What is the remainder when 23039 is divided by 120?
119
Calculate the remainder when 47918 is divided by 20.
18
What is the remainder when 330 is divided by 81?
6
Calculate the remainder when 193 is divided by 92.
9
What is the remainder when 46 is divided by 12?
10
What is the remainder when 1010 is divided by 146?
134
Calculate the remainder when 5183 is divided by 17.
15
What is the remainder when 44 is divided by 18?
8
What is the remainder when 821 is divided by 165?
161
What is the remainder when 708 is divided by 177?
0
What is the remainder when 7 is divided by 5?
2
What is the remainder when 30 is divided by 11?
8
What is the remainder when 2213 is divided by 82?
81
What is the remainder when 315 is divided by 23?
16
What is the remainder when 2170 is divided by 17?
11
What is the remainder when 33 is divided by 11?
0
Calculate the remainder when 19678 is divided by 164.
162
Calculate the remainder when 208 is divided by 46.
24
What is the remainder when 1165 is divided by 73?
70
What is the remainder when 386 is divided by 28?
22
What is the remainder when 982 is divided by 76?
70
What is the remainder when 13107 is divided by 57?
54
Calculate the remainder when 150 is divided by 63.
24
Calculate the remainder when 266 is divided by 29.
5
What is the remainder when 332 is divided by 31?
22
What is the remainder when 1757 is divided by 2?
1
What is the remainder when 1673 is divided by 246?
197
Calculate the remainder when 425 is divided by 53.
1
Calculate the remainder when 252 is divided by 3.
0
What is the remainder when 1235 is divided by 82?
5
Calculate the remainder when 17371 is divided by 362.
357
Calculate the remainder when 561 is divided by 18.
3
Calculate the remainder when 117 is divided by 7.
5
Calculate the remainder when 1103 is divided by 8.
7
Calculate the remainder when 1543 is divided by 43.
38
What is the remainder when 219 is divided by 58?
45
What is the remainder when 217 is divided by 14?
7
Calculate the remainder when 88 is divided by 70.
18
Calculate the remainder when 11241 is divided by 11.
10
What is the remainder when 174 is divided by 11?
9
What is the remainder when 23 is divided by 13?
10
Calculate the remainder when 1619 is divided by 18.
17
What is the remainder when 57 is divided by 15?
12
What is the remainder when 247 is divided by 69?
40
What is the remainder when 25 is divided by 14?
11
What is the remainder when 407 is divided by 154?
99
Calculate the remainder when 53 is divided by 19.
15
Calculate the remainder when 204 is divided by 15.
9
Calculate the remainder when 704 is divided by 216.
56
Calculate the remainder when 64 is divided by 1.
0
What is the remainder when 2061 is divided by 76?
9
What is the remainder when 147 is divided by 124?
23
What is the remainder when 85 is divided by 19?
9
Calculate the remainder when 24 is divided by 7.
3
What is the remainder when 25270 is divided by 243?
241
Calculate the remainder when 1958 is divided by 958.
42
What is the remainder when 353 is divided by 85?
13
Calculate the remainder when 614 is divided by 201.
11
Calculate the remainder when 4755 is divided by 71.
69
What is the remainder when 538 is divided by 107?
3
What is the remainder when 372 is divided by 125?
122
